44843 prime?
False
Is 5783919223 composite?
False
Is 28669353051 composite?
True
Is 21596842805 prime?
False
Is 260020505711 a composite number?
False
Is 2484507098 a composite number?
True
Is 1309058011 prime?
True
Is 9120558193 prime?
True
Is 174377173 prime?
True
Is 7423945757 a composite number?
False
Is 155899291 a prime number?
True
Is 28492624739 a prime number?
False
Is 624419149 prime?
True
Is 3814950887 prime?
False
Is 11413609213 composite?
False
Is 3101287649 prime?
True
Is 1541142751 a composite number?
False
Is 358770053 a composite number?
False
Is 874446467 composite?
True
Is 27846041 a prime number?
False
Is 38803166939 prime?
True
Is 37859095879 a prime number?
False
Is 1089603143 a composite number?
False
Is 1943362571 composite?
False
Is 205499009 composite?
True
Is 75317816389 a composite number?
False
Is 2209042541 a prime number?
False
Is 7068864227 prime?
False
Is 41995753 a composite number?
False
Is 359919397 composite?
True
Is 619475029 prime?
True
Is 175981255789 a composite number?
True
Is 359662241 a prime number?
True
Is 1631438117 a composite number?
True
Is 75793681 prime?
False
Is 13970192021 composite?
True
Is 27970323001 composite?
True
Is 189772073 a composite number?
True
Is 18051719611 a composite number?
True
Is 5067213119 a composite number?
False
Is 746985853 a prime number?
True
Is 30578778313 composite?
True
Is 395571866 prime?
False
Is 368352203 a prime number?
True
Is 271306561 a composite number?
False
Is 6698796211 prime?
False
Is 9987100723 a prime number?
False
Is 58857555493 a composite number?
True
Is 243650213 a composite number?
True
Is 723333763 a prime number?
False
Is 759298871 composite?
False
Is 2130539311 composite?
True
Is 14016103187 a composite number?
True
Is 52467370535 composite?
True
Is 191153920931 composite?
False
Is 582579611 prime?
True
Is 34015633891 composite?
False
Is 11102100287 a prime number?
True
Is 8032026559 prime?
True
Is 3327255937 prime?
True
Is 204226843493 a composite number?
False
Is 36788887 a composite number?
False
Is 21971851639 a prime number?
False
Is 215835419 a composite number?
False
Is 939310919 prime?
True
Is 70013180087 a composite number?
False
Is 532969001 a prime number?
False
Is 3476143001 prime?
True
Is 2399073518 a composite number?
True
Is 73626733493 a composite number?
True
Is 3006479099 composite?
True
Is 26863453609 composite?
False
Is 182636269 prime?
True
Is 318569347 prime?
True
Is 3279652501 a composite number?
True
Is 579511313 a composite number?
True
Is 5858042593 a composite number?
True
Is 1535936503 a composite number?
False
Is 2136135959 a prime number?
True
Is 3943446011 composite?
True
Is 531865247 prime?
False
Is 861961819 prime?
False
Is 67725993001 a composite number?
True
Is 244851907 composite?
True
Is 353948369 prime?
True
Is 488762543 prime?
False
Is 22943894867 prime?
True
Is 259586231 a prime number?
True
Is 46510956595 prime?
False
Is 45545929193 a prime number?
False
Is 31347895193 composite?
True
Is 1065196369 a composite number?
False
Is 28023647 a prime number?
True
Is 22664778397 prime?
True
Is 7824735623 a prime number?
True
Is 816128429 a composite number?
True
Is 809940727 a prime number?
True
Is 4028787989 a prime number?
True
Is 1866005681 prime?
True
Is 36993283 a composite number?
False
Is 340220927 a composite number?
False
Is 38463882857 prime?
False
Is 793396033 prime?
False
Is 1521278041 a composite number?
False
Is 9477738659 a prime number?
False
Is 4802899837 composite?
False
Is 547822229 a prime number?
False
Is 72871204649 a composite number?
False
Is 361659869 a prime number?
True
Is 5727500393 a prime number?
False
Is 26368569199 composite?
True
Is 25487507209 composite?
False
Is 3538163773 a composite number?
False
Is 97654188381 composite?
True
Is 110146577 a composite number?
False
Is 2396792366 a composite number?
True
Is 977069833 a prime number?
False
Is 89918658407 a composite number?
True
Is 749099653 a composite number?
True
Is 34708770055 a composite number?
True
Is 310941727 prime?
True
Is 13277689 composite?
False
Is 267457139 prime?
False
Is 963377101 a composite number?
True
Is 187869553 a composite number?
False
Is 27434251599 a composite number?
True
Is 5309559679 composite?
True
Is 652252439 composite?
False
Is 11434640341 a composite number?
False
Is 4504800601 a prime number?
False
Is 1164118643 a prime number?
True
Is 201094601 a composite number?
False
Is 13064412541 a prime number?
False
Is 12955800574 composite?
True
Is 27588178117 prime?
False
Is 167985360805 a prime number?
False
Is 2632630913 prime?
False
Is 30845437097 a prime number?
True
Is 44800906477 composite?
True
Is 16615881181 a composite number?
False
Is 992077897 a prime number?
False
Is 11882036093 a prime number?
True
Is 1863594779 composite?
False
Is 100907283287 composite?
True
Is 217148213 a composite number?
True
Is 266393251889 composite?
False
Is 56512842479 prime?
False
Is 4737469999 composite?
False
Is 644252729 prime?
False
Is 1641646511 a composite number?
True
Is 1491701479 a prime number?
True
Is 1046191973 composite?
False
Is 160749103 a prime number?
True
Is 211949057 composite?
False
Is 10015563449 prime?
True
Is 10331648471 a prime number?
True
Is 1202168351 a composite number?
True
Is 3684259981 a prime number?
True
Is 50645651131 a prime number?
False
Is 1406055413 a composite number?
True
Is 217704641573 a composite number?
True
Is 161192743 a composite number?
False
Is 2174553047 composite?
True
Is 1012006663 prime?
True
Is 32732412613 prime?
False
Is 288756059 prime?
True
Is 9013078111 a prime number?
True
Is 1713520873 composite?
False
Is 1486463317 prime?
True
Is 30805890907 a composite number?
True
Is 86548037 composite?
True
Is 7809117079 prime?
True
Is 34168111763 composite?
False
Is 47917803211 composite?
False
Is 11531207291 composite?
False
Is 662892259 prime?
False
Is 9152379019 a composite number?
True
Is 424420819 prime?
True
Is 1265346811 a composite number?
False
Is 1656334921 prime?
True
Is 1319850097 a composite number?
True
Is 332553587 a prime number?
False
Is 359501923 a composite number?
True
Is 34304570159 a composite number?
False
Is 1077909461 a composite number?
True
Is 73037897041 a composite number?
False
Is 66605369 a composite number?
False
Is 27016562999 prime?
False
Is 2606518121 composite?
False
Is 238923589 a prime number?
True
Is 2109659477 composite?
False
Is 5632762721 a composite number?
True
Is 100283244781 prime?
True
Is 1165482317 a composite number?
False
Is 5542587101 prime?
True
Is 3898842931 prime?
True
Is 1169485547 a composite number?
False
Is 341274507377 a composite number?
False
Is 17616890617 composite?
False
Is 64197558203 a prime number?
True
Is 646139233 a composite number?
False
Is 258355213 composite?
False
Is 162187043 prime?
True
Is 19413422689 composite?
False
Is 299292863 composite?
False
Is 295570981 a prime number?
True
Is 4958249927 prime?
True
Is 3597035341 a composite number?
False
Is 11136765953 prime?
True
Is 5175107087 a prime number?
False
Is 34570096349 a composite number?
False
Is 14540030951 a composite number?
False
Is 4458242249 prime?
True
Is 7788459353 prime?
True
Is 4938551245 composite?
True
Is 169697085629 composite?
False
Is 3733956887 a composite number?
True
Is 6036006737 prime?
False
Is 13122338081 prime?
True
Is 186508991 prime?
True
Is 5200836079 prime?
True
Is 109075937 prime?
True
Is 513011615 composite?
True
Is 17534743307 a prime number?
False
Is 802905617 a composite number?
False
Is 181734419 a prime number?
True
Is 1414586899 a prime number?
False
Is 3405053107 prime?
True
Is 391872067 prime?
False
Is 520968211 prime?
False
Is 12683900843 prime?
True
Is 262218547 prime?
True
Is 609743749 a composite number?
False
Is 607620373 composite?
True
Is 1298460923 a composite number?
False
Is 12027505277 a prime number?
True
Is 1037038357 composite?
False
Is 2804953153 a composite number?
False
Is 37072333 a prime number?
False
Is 206759701 a prime number?
False
Is 6400717933 a composite number?
True
Is 4455783257 composite?
False
Is 10830927997 prime?
True
Is 21290530817 prime?
True
Is 63038809 a prime number?
True
Is 1734113621 a prime number?
True
Is 11847272011 a prime number?
False
Is 85112219 